{"id":708,"date":"2025-07-15T09:20:44","date_gmt":"2025-07-15T09:20:44","guid":{"rendered":"https:\/\/www.edugestion.es\/web\/?page_id=708"},"modified":"2025-12-03T08:16:25","modified_gmt":"2025-12-03T08:16:25","slug":"app-comedores-escolares","status":"publish","type":"page","link":"https:\/\/www.edugestion.es\/web\/app-comedores-escolares\/","title":{"rendered":"APP comedores escolares"},"content":{"rendered":"\n<div style=\"height:50px\" aria-hidden=\"true\" class=\"wp-block-spacer\"><\/div>\n\n\n\n<div class=\"wp-block-media-text is-stacked-on-mobile\" style=\"grid-template-columns:15% auto\"><figure class=\"wp-block-media-text__media\"><img loading=\"lazy\" decoding=\"async\" width=\"512\" height=\"512\" src=\"https:\/\/www.edugestion.es\/web\/wp-content\/uploads\/2025\/01\/smartphone.png\" alt=\"\" class=\"wp-image-663 size-full\" srcset=\"https:\/\/www.edugestion.es\/web\/wp-content\/uploads\/2025\/01\/smartphone.png 512w, https:\/\/www.edugestion.es\/web\/wp-content\/uploads\/2025\/01\/smartphone-300x300.png 300w, https:\/\/www.edugestion.es\/web\/wp-content\/uploads\/2025\/01\/smartphone-150x150.png 150w\" sizes=\"auto, (max-width: 512px) 100vw, 512px\" \/><\/figure><div class=\"wp-block-media-text__content\">\n<h2 class=\"wp-block-heading\"><strong>Aplicaci\u00f3n f\u00e1cil e intuitiva para consultar todo aquello relacionado con la gesti\u00f3n de los comedores escolares para empresas de catering<\/strong><\/h2>\n\n\n\n<p>Nuestra aplicaci\u00f3n est\u00e1 dise\u00f1ada para ofrecer una experiencia sencilla, clara e intuitiva, tanto para familias como para el personal educativo y de cocina. Somos una empresa con m\u00e1s de 20 a\u00f1os trabajando en el sector educativo.<\/p>\n<\/div><\/div>\n\n\n\n<div style=\"height:50px\" aria-hidden=\"true\" class=\"wp-block-spacer\"><\/div>\n\n\n\n<div class=\"wp-block-cover alignfull\" style=\"margin-top:0;padding-top:5vw;padding-right:5vw;padding-bottom:5vw;padding-left:5vw\"><img loading=\"lazy\" decoding=\"async\" width=\"768\" height=\"512\" class=\"wp-block-cover__image-background wp-image-754 size-full\" alt=\"\" src=\"https:\/\/www.edugestion.es\/web\/wp-content\/uploads\/2025\/12\/comedor_escolar.jpg\" data-object-fit=\"cover\" srcset=\"https:\/\/www.edugestion.es\/web\/wp-content\/uploads\/2025\/12\/comedor_escolar.jpg 768w, https:\/\/www.edugestion.es\/web\/wp-content\/uploads\/2025\/12\/comedor_escolar-300x200.jpg 300w\" sizes=\"auto, (max-width: 768px) 100vw, 768px\" \/><span aria-hidden=\"true\" class=\"wp-block-cover__background has-black-background-color has-background-dim\"><\/span><div class=\"wp-block-cover__inner-container is-layout-flow wp-block-cover-is-layout-flow\">\n<div class=\"wp-block-group is-layout-flex wp-container-core-group-is-layout-7f408244 wp-block-group-is-layout-flex\">\n<div class=\"wp-block-group wp-container-content-9cfa9a5a\"><div class=\"wp-block-group__inner-container is-layout-flow wp-block-group-is-layout-flow\">\n<p class=\"has-text-align-left\" style=\"font-size:35px;font-style:normal;font-weight:700;letter-spacing:2px;line-height:0.9;text-transform:none\">App + Programa de gesti\u00f3n en la nube<\/p>\n\n\n\n<p class=\"has-text-align-left has-white-color has-text-color\" style=\"font-size:28px;font-style:normal;font-weight:700;letter-spacing:-2px;line-height:0.9;text-transform:none\">M\u00e1s de 400 centros educativos ya conf\u00edan en nuestros servicios<\/p>\n\n\n\n<div style=\"height:25px;width:0px\" aria-hidden=\"true\" class=\"wp-block-spacer\"><\/div>\n<\/div><\/div>\n\n\n\n<div class=\"wp-block-group wp-container-content-5b91cf2b is-vertical is-nowrap is-layout-flex wp-container-core-group-is-layout-07e09966 wp-block-group-is-layout-flex\">\n<div class=\"wp-block-buttons is-layout-flex wp-block-buttons-is-layout-flex\">\n<div class=\"wp-block-button\"><a class=\"wp-block-button__link has-vivid-green-cyan-background-color has-background has-text-align-center wp-element-button\" href=\"https:\/\/www.edugestion.es\/web\/contacta\/\">Quiero informaci\u00f3n!<\/a><\/div>\n<\/div>\n<\/div>\n<\/div>\n<\/div><\/div>\n\n\n\n<div style=\"height:50px\" aria-hidden=\"true\" class=\"wp-block-spacer\"><\/div>\n\n\n\n<h2 class=\"wp-block-heading\">Desde una \u00fanica plataforma, es posible consultar y gestionar toda la informaci\u00f3n relacionada con los comedores escolares:<\/h2>\n\n\n\n<p>\u2713 Planificador&nbsp;de <strong>men\u00fas con informaci\u00f3n nutricional<\/strong> y gesti\u00f3n de dietas especiales con posibles al\u00e9rgenos.<\/p>\n\n\n\n<p>\u2713 <strong>Registro de asistencia al comedor<\/strong>. Asignaci\u00f3n y anulaci\u00f3n en el calendario desde la App.<\/p>\n\n\n\n<p>\u2713 <strong>Pagos y recibos<\/strong> f\u00e1cilmente accesibles desde la App, con pagos TPV, generaci\u00f3n de recibos SEPA, importaci\u00f3n de impagados.<\/p>\n\n\n\n<p>\u2713 <strong>Comunicaci\u00f3n directa con la coordinaci\u00f3n del comedor<\/strong>.<\/p>\n\n\n\n<p>\u2713 Informes sobre el uso del comedor.<\/p>\n\n\n\n<p>\u2713 <strong>Notificaciones y avisos importantes<\/strong>, env\u00edo de mensajes gratuitos a familias individuales o por grupos, con archivos adjuntos, confirmaci\u00f3n de lectura y posibilidad de respuesta.<\/p>\n\n\n\n<p>\u2713 Y otras funciones como: firma de autorizaciones digitales, listado de documentos, agenda escolar, control horario de trabajadores (fichar), App multi idioma, App multi escuela, etc.<\/p>\n\n\n\n<p>Todo ello con una interfaz moderna, adaptada a dispositivos m\u00f3viles y pensada para facilitar el d\u00eda a d\u00eda de las familias y los centros educativos.<\/p>\n\n\n\n<div style=\"height:50px\" aria-hidden=\"true\" class=\"wp-block-spacer\"><\/div>\n\n\n\n<h2 class=\"wp-block-heading has-text-align-center\"><strong>La mejor App en gesti\u00f3n y comunicaci\u00f3n para comedores escolares<\/strong><br><\/h2>\n\n\n\n<p class=\"has-text-align-center\">Si desea una demo del sistema o pedir m\u00e1s informaci\u00f3n contacte con nosotros:<\/p>\n\n\n\n<div style=\"height:25px\" aria-hidden=\"true\" class=\"wp-block-spacer\"><\/div>\n\n\n\n<div class=\"wp-block-columns is-layout-flex wp-container-core-columns-is-layout-9d6595d7 wp-block-columns-is-layout-flex\">\n<div class=\"wp-block-column has-white-color has-vivid-cyan-blue-background-color has-text-color has-background is-layout-flow wp-block-column-is-layout-flow\">\n<div style=\"height:50px\" aria-hidden=\"true\" class=\"wp-block-spacer\"><\/div>\n\n\n\n<h3 class=\"wp-block-heading has-text-align-center has-white-color has-text-color\">&gt;&gt; Desarrollamos&nbsp;<strong>Apps a medida<\/strong><\/h3>\n\n\n\n<h6 class=\"wp-block-heading has-text-align-center has-white-color has-text-color\"><strong>Dise\u00f1o a medida de la App, con vuestro logo, colores y dise\u00f1o de botones personalizados.<\/strong><\/h6>\n\n\n<div class=\"wp-block-image\">\n<figure class=\"aligncenter size-full is-resized\"><img loading=\"lazy\" decoding=\"async\" width=\"300\" height=\"606\" src=\"https:\/\/www.edugestion.es\/web\/wp-content\/uploads\/2025\/07\/Comedor.jpg\" alt=\"\" class=\"wp-image-723\" style=\"width:250px\" srcset=\"https:\/\/www.edugestion.es\/web\/wp-content\/uploads\/2025\/07\/Comedor.jpg 300w, https:\/\/www.edugestion.es\/web\/wp-content\/uploads\/2025\/07\/Comedor-149x300.jpg 149w\" sizes=\"auto, (max-width: 300px) 100vw, 300px\" \/><\/figure>\n<\/div>\n\n\n<div style=\"height:50px\" aria-hidden=\"true\" class=\"wp-block-spacer\"><\/div>\n\n\n\n<div class=\"wp-block-buttons is-content-justification-center is-layout-flex wp-container-core-buttons-is-layout-64b26803 wp-block-buttons-is-layout-flex\">\n<div class=\"wp-block-button aligncenter\"><a class=\"wp-block-button__link has-vivid-cyan-blue-color has-white-background-color has-text-color has-background wp-element-button\" href=\"https:\/\/www.edugestion.es\/web\/?page_id=46\">Ver m\u00e1s informaci\u00f3n<\/a><\/div>\n<\/div>\n\n\n\n<div style=\"height:50px\" aria-hidden=\"true\" class=\"wp-block-spacer\"><\/div>\n<\/div>\n\n\n\n<div class=\"wp-block-column has-white-color has-vivid-cyan-blue-background-color has-text-color has-background is-layout-flow wp-block-column-is-layout-flow\">\n<div style=\"height:50px\" aria-hidden=\"true\" class=\"wp-block-spacer\"><\/div>\n\n\n\n<h3 class=\"wp-block-heading has-text-align-center has-white-color has-text-color\">&gt;&gt;&nbsp;<strong>ComunicApp Edu<\/strong><\/h3>\n\n\n\n<h6 class=\"wp-block-heading has-text-align-center has-white-color has-text-color\">La App est\u00e1ndar con el sistema m\u00e1s avanzado de comunicaci\u00f3n y gesti\u00f3n escolar.<\/h6>\n\n\n<div class=\"wp-block-image\">\n<figure class=\"aligncenter size-full is-resized\"><img loading=\"lazy\" decoding=\"async\" width=\"300\" height=\"608\" src=\"https:\/\/www.edugestion.es\/web\/wp-content\/uploads\/2025\/07\/ComunicAPP-Edu-ES.jpg\" alt=\"\" class=\"wp-image-725\" style=\"width:250px\" srcset=\"https:\/\/www.edugestion.es\/web\/wp-content\/uploads\/2025\/07\/ComunicAPP-Edu-ES.jpg 300w, https:\/\/www.edugestion.es\/web\/wp-content\/uploads\/2025\/07\/ComunicAPP-Edu-ES-148x300.jpg 148w\" sizes=\"auto, (max-width: 300px) 100vw, 300px\" \/><\/figure>\n<\/div>\n\n\n<div style=\"height:50px\" aria-hidden=\"true\" class=\"wp-block-spacer\"><\/div>\n\n\n\n<div class=\"wp-block-buttons is-content-justification-center is-layout-flex wp-container-core-buttons-is-layout-16018d1d wp-block-buttons-is-layout-flex\">\n<div class=\"wp-block-button aligncenter\"><a class=\"wp-block-button__link has-vivid-cyan-blue-color has-white-background-color has-text-color has-background wp-element-button\" href=\"https:\/\/www.edugestion.es\/web\/?page_id=37\">Ver m\u00e1s informaci\u00f3n<\/a><\/div>\n<\/div>\n\n\n\n<div style=\"height:50px\" aria-hidden=\"true\" class=\"wp-block-spacer\"><\/div>\n<\/div>\n<\/div>\n\n\n\n<div style=\"height:25px\" aria-hidden=\"true\" class=\"wp-block-spacer\"><\/div>\n\n\n\n<div class=\"wp-block-group has-pale-ocean-gradient-background has-background\"><div class=\"wp-block-group__inner-container is-layout-constrained wp-block-group-is-layout-constrained\">\n<div style=\"height:25px\" aria-hidden=\"true\" class=\"wp-block-spacer\"><\/div>\n\n\n\n<h2 class=\"wp-block-heading has-text-align-center\"><strong>Contacta con nosotros<\/strong><\/h2>\n\n\n\n<p class=\"has-text-align-center\" style=\"font-size:16px\">Si quieres m\u00e1s informaci\u00f3n y ejemplos de funcionamiento ponte en contacto con nosotros <\/p>\n\n\n\n<div class=\"wp-block-group is-content-justification-center is-nowrap is-layout-flex wp-container-core-group-is-layout-94bc23d7 wp-block-group-is-layout-flex\">\n<p class=\"has-text-align-center\"><strong><img decoding=\"async\" draggable=\"false\" role=\"img\" class=\"emoji\" alt=\"tel\" src=\"https:\/\/s.w.org\/images\/core\/emoji\/16.0.1\/svg\/1f4de.svg\"> 930.133.503<\/strong><\/p>\n\n\n\n<p><\/p>\n\n\n\n<p class=\"has-text-align-center\"><img decoding=\"async\" draggable=\"false\" role=\"img\" class=\"emoji\" alt=\"email\" src=\"https:\/\/s.w.org\/images\/core\/emoji\/16.0.1\/svg\/1f4e7.svg\"> <a href=\"mailto:info@dumainteractiva.com\"><strong>info@dumainteractiva.com<\/strong><\/a><\/p>\n<\/div>\n\n\n\n<div style=\"height:25px\" aria-hidden=\"true\" class=\"wp-block-spacer\"><\/div>\n\n\n\n<div class=\"wp-block-buttons is-content-justification-center is-layout-flex wp-container-core-buttons-is-layout-16018d1d wp-block-buttons-is-layout-flex\">\n<div class=\"wp-block-button\"><a class=\"wp-block-button__link has-vivid-cyan-blue-background-color has-background has-text-align-center wp-element-button\" href=\"https:\/\/www.edugestion.es\/web\/contacta\/\">Quiero informaci\u00f3n!<\/a><\/div>\n<\/div>\n\n\n\n<div style=\"height:25px\" aria-hidden=\"true\" class=\"wp-block-spacer\"><\/div>\n<\/div><\/div>\n\n\n\n<p><\/p>\n","protected":false},"excerpt":{"rendered":"<p class=\"qua-blog-post-description\">Aplicaci\u00f3n f\u00e1cil e intuitiva para consultar todo aquello relacionado con la gesti\u00f3n de los comedores escolares para empresas de catering Nuestra aplicaci\u00f3n est\u00e1 dise\u00f1ada para ofrecer una experiencia sencilla, clara e intuitiva, tanto para familias como para el personal educativo y de cocina. Somos una empresa con m\u00e1s de 20 a\u00f1os trabajando en el sector [&hellip;]<\/p>\n","protected":false},"author":1,"featured_media":754,"parent":0,"menu_order":0,"comment_status":"closed","ping_status":"closed","template":"","meta":{"footnotes":""},"class_list":["post-708","page","type-page","status-publish","has-post-thumbnail","hentry"],"yoast_head":"<!-- This site is optimized with the Yoast SEO plugin v27.2 - https:\/\/yoast.com\/product\/yoast-seo-wordpress\/ -->\n<title>APP comedores escolares - Edugesti\u00f3n<\/title>\n<meta name=\"robots\" content=\"index, follow, max-snippet:-1, max-image-preview:large, max-video-preview:-1\" \/>\n<link rel=\"canonical\" href=\"https:\/\/www.edugestion.es\/web\/app-comedores-escolares\/\" \/>\n<meta property=\"og:locale\" content=\"es_ES\" \/>\n<meta property=\"og:type\" content=\"article\" \/>\n<meta property=\"og:title\" content=\"APP comedores escolares - Edugesti\u00f3n\" \/>\n<meta property=\"og:description\" content=\"Aplicaci\u00f3n f\u00e1cil e intuitiva para consultar todo aquello relacionado con la gesti\u00f3n de los comedores escolares para empresas de catering Nuestra aplicaci\u00f3n est\u00e1 dise\u00f1ada para ofrecer una experiencia sencilla, clara e intuitiva, tanto para familias como para el personal educativo y de cocina. Somos una empresa con m\u00e1s de 20 a\u00f1os trabajando en el sector [&hellip;]\" \/>\n<meta property=\"og:url\" content=\"https:\/\/www.edugestion.es\/web\/app-comedores-escolares\/\" \/>\n<meta property=\"og:site_name\" content=\"Edugesti\u00f3n\" \/>\n<meta property=\"article:modified_time\" content=\"2025-12-03T08:16:25+00:00\" \/>\n<meta property=\"og:image\" content=\"https:\/\/www.edugestion.es\/web\/wp-content\/uploads\/2025\/12\/comedor_escolar.jpg\" \/>\n\t<meta property=\"og:image:width\" content=\"768\" \/>\n\t<meta property=\"og:image:height\" content=\"512\" \/>\n\t<meta property=\"og:image:type\" content=\"image\/jpeg\" \/>\n<meta name=\"twitter:card\" content=\"summary_large_image\" \/>\n<meta name=\"twitter:label1\" content=\"Tiempo de lectura\" \/>\n\t<meta name=\"twitter:data1\" content=\"3 minutos\" \/>\n<script type=\"application\/ld+json\" class=\"yoast-schema-graph\">{\"@context\":\"https:\/\/schema.org\",\"@graph\":[{\"@type\":\"WebPage\",\"@id\":\"https:\/\/www.edugestion.es\/web\/app-comedores-escolares\/\",\"url\":\"https:\/\/www.edugestion.es\/web\/app-comedores-escolares\/\",\"name\":\"APP comedores escolares - Edugesti\u00f3n\",\"isPartOf\":{\"@id\":\"https:\/\/www.edugestion.es\/web\/#website\"},\"primaryImageOfPage\":{\"@id\":\"https:\/\/www.edugestion.es\/web\/app-comedores-escolares\/#primaryimage\"},\"image\":{\"@id\":\"https:\/\/www.edugestion.es\/web\/app-comedores-escolares\/#primaryimage\"},\"thumbnailUrl\":\"https:\/\/www.edugestion.es\/web\/wp-content\/uploads\/2025\/12\/comedor_escolar.jpg\",\"datePublished\":\"2025-07-15T09:20:44+00:00\",\"dateModified\":\"2025-12-03T08:16:25+00:00\",\"breadcrumb\":{\"@id\":\"https:\/\/www.edugestion.es\/web\/app-comedores-escolares\/#breadcrumb\"},\"inLanguage\":\"es\",\"potentialAction\":[{\"@type\":\"ReadAction\",\"target\":[\"https:\/\/www.edugestion.es\/web\/app-comedores-escolares\/\"]}]},{\"@type\":\"ImageObject\",\"inLanguage\":\"es\",\"@id\":\"https:\/\/www.edugestion.es\/web\/app-comedores-escolares\/#primaryimage\",\"url\":\"https:\/\/www.edugestion.es\/web\/wp-content\/uploads\/2025\/12\/comedor_escolar.jpg\",\"contentUrl\":\"https:\/\/www.edugestion.es\/web\/wp-content\/uploads\/2025\/12\/comedor_escolar.jpg\",\"width\":768,\"height\":512},{\"@type\":\"BreadcrumbList\",\"@id\":\"https:\/\/www.edugestion.es\/web\/app-comedores-escolares\/#breadcrumb\",\"itemListElement\":[{\"@type\":\"ListItem\",\"position\":1,\"name\":\"Portada\",\"item\":\"https:\/\/www.edugestion.es\/web\/\"},{\"@type\":\"ListItem\",\"position\":2,\"name\":\"APP comedores escolares\"}]},{\"@type\":\"WebSite\",\"@id\":\"https:\/\/www.edugestion.es\/web\/#website\",\"url\":\"https:\/\/www.edugestion.es\/web\/\",\"name\":\"Edugesti\u00f3n\",\"description\":\"Servicios complementarios a vuestro programa de gesti\u00f3n\",\"potentialAction\":[{\"@type\":\"SearchAction\",\"target\":{\"@type\":\"EntryPoint\",\"urlTemplate\":\"https:\/\/www.edugestion.es\/web\/?s={search_term_string}\"},\"query-input\":{\"@type\":\"PropertyValueSpecification\",\"valueRequired\":true,\"valueName\":\"search_term_string\"}}],\"inLanguage\":\"es\"}]}<\/script>\n<!-- \/ Yoast SEO plugin. -->","yoast_head_json":{"title":"APP comedores escolares - Edugesti\u00f3n","robots":{"index":"index","follow":"follow","max-snippet":"max-snippet:-1","max-image-preview":"max-image-preview:large","max-video-preview":"max-video-preview:-1"},"canonical":"https:\/\/www.edugestion.es\/web\/app-comedores-escolares\/","og_locale":"es_ES","og_type":"article","og_title":"APP comedores escolares - Edugesti\u00f3n","og_description":"Aplicaci\u00f3n f\u00e1cil e intuitiva para consultar todo aquello relacionado con la gesti\u00f3n de los comedores escolares para empresas de catering Nuestra aplicaci\u00f3n est\u00e1 dise\u00f1ada para ofrecer una experiencia sencilla, clara e intuitiva, tanto para familias como para el personal educativo y de cocina. Somos una empresa con m\u00e1s de 20 a\u00f1os trabajando en el sector [&hellip;]","og_url":"https:\/\/www.edugestion.es\/web\/app-comedores-escolares\/","og_site_name":"Edugesti\u00f3n","article_modified_time":"2025-12-03T08:16:25+00:00","og_image":[{"width":768,"height":512,"url":"https:\/\/www.edugestion.es\/web\/wp-content\/uploads\/2025\/12\/comedor_escolar.jpg","type":"image\/jpeg"}],"twitter_card":"summary_large_image","twitter_misc":{"Tiempo de lectura":"3 minutos"},"schema":{"@context":"https:\/\/schema.org","@graph":[{"@type":"WebPage","@id":"https:\/\/www.edugestion.es\/web\/app-comedores-escolares\/","url":"https:\/\/www.edugestion.es\/web\/app-comedores-escolares\/","name":"APP comedores escolares - Edugesti\u00f3n","isPartOf":{"@id":"https:\/\/www.edugestion.es\/web\/#website"},"primaryImageOfPage":{"@id":"https:\/\/www.edugestion.es\/web\/app-comedores-escolares\/#primaryimage"},"image":{"@id":"https:\/\/www.edugestion.es\/web\/app-comedores-escolares\/#primaryimage"},"thumbnailUrl":"https:\/\/www.edugestion.es\/web\/wp-content\/uploads\/2025\/12\/comedor_escolar.jpg","datePublished":"2025-07-15T09:20:44+00:00","dateModified":"2025-12-03T08:16:25+00:00","breadcrumb":{"@id":"https:\/\/www.edugestion.es\/web\/app-comedores-escolares\/#breadcrumb"},"inLanguage":"es","potentialAction":[{"@type":"ReadAction","target":["https:\/\/www.edugestion.es\/web\/app-comedores-escolares\/"]}]},{"@type":"ImageObject","inLanguage":"es","@id":"https:\/\/www.edugestion.es\/web\/app-comedores-escolares\/#primaryimage","url":"https:\/\/www.edugestion.es\/web\/wp-content\/uploads\/2025\/12\/comedor_escolar.jpg","contentUrl":"https:\/\/www.edugestion.es\/web\/wp-content\/uploads\/2025\/12\/comedor_escolar.jpg","width":768,"height":512},{"@type":"BreadcrumbList","@id":"https:\/\/www.edugestion.es\/web\/app-comedores-escolares\/#breadcrumb","itemListElement":[{"@type":"ListItem","position":1,"name":"Portada","item":"https:\/\/www.edugestion.es\/web\/"},{"@type":"ListItem","position":2,"name":"APP comedores escolares"}]},{"@type":"WebSite","@id":"https:\/\/www.edugestion.es\/web\/#website","url":"https:\/\/www.edugestion.es\/web\/","name":"Edugesti\u00f3n","description":"Servicios complementarios a vuestro programa de gesti\u00f3n","potentialAction":[{"@type":"SearchAction","target":{"@type":"EntryPoint","urlTemplate":"https:\/\/www.edugestion.es\/web\/?s={search_term_string}"},"query-input":{"@type":"PropertyValueSpecification","valueRequired":true,"valueName":"search_term_string"}}],"inLanguage":"es"}]}},"_links":{"self":[{"href":"https:\/\/www.edugestion.es\/web\/wp-json\/wp\/v2\/pages\/708","targetHints":{"allow":["GET"]}}],"collection":[{"href":"https:\/\/www.edugestion.es\/web\/wp-json\/wp\/v2\/pages"}],"about":[{"href":"https:\/\/www.edugestion.es\/web\/wp-json\/wp\/v2\/types\/page"}],"author":[{"embeddable":true,"href":"https:\/\/www.edugestion.es\/web\/wp-json\/wp\/v2\/users\/1"}],"replies":[{"embeddable":true,"href":"https:\/\/www.edugestion.es\/web\/wp-json\/wp\/v2\/comments?post=708"}],"version-history":[{"count":50,"href":"https:\/\/www.edugestion.es\/web\/wp-json\/wp\/v2\/pages\/708\/revisions"}],"predecessor-version":[{"id":820,"href":"https:\/\/www.edugestion.es\/web\/wp-json\/wp\/v2\/pages\/708\/revisions\/820"}],"wp:featuredmedia":[{"embeddable":true,"href":"https:\/\/www.edugestion.es\/web\/wp-json\/wp\/v2\/media\/754"}],"wp:attachment":[{"href":"https:\/\/www.edugestion.es\/web\/wp-json\/wp\/v2\/media?parent=708"}],"curies":[{"name":"wp","href":"https:\/\/api.w.org\/{rel}","templated":true}]}}